{"id":322,"date":"2017-05-17T10:38:04","date_gmt":"2017-05-17T08:38:04","guid":{"rendered":"http:\/\/wunschkarte.ch\/ansicht\/?page_id=322"},"modified":"2019-06-10T12:48:04","modified_gmt":"2019-06-10T10:48:04","slug":"webdesign","status":"publish","type":"page","link":"https:\/\/wunschkarte.ch\/ansicht\/webdesign\/","title":{"rendered":"Webdesign"},"content":{"rendered":"<p>Gef\u00e4llt Ihnen diese Seite?<\/p>\n<p>Diese Webseite habe ich mit WordPress mit dem Twenty Seventeen Thema erstellt.<\/p>\n<p>Aller dreht sich um ein paar Seiten und einem Blog.<\/p>\n<p>Gerne helfe ich Ihnen auch so eine zu erstellen.<\/p>\n<p>Sp\u00e4ter k\u00f6nnen Sie die Inhalte leicht selber einf\u00fcgen.<\/p>\n<p>Rufen Sie mich an und lassen Sie es uns besprechen!<\/p>\n","protected":false},"excerpt":{"rendered":"<p>Gef\u00e4llt Ihnen diese Seite? Diese Webseite habe ich mit WordPress mit dem Twenty Seventeen Thema erstellt. Aller dreht sich um ein paar Seiten und einem Blog. Gerne helfe ich Ihnen auch so eine zu erstellen. Sp\u00e4ter k\u00f6nnen Sie die Inhalte leicht selber einf\u00fcgen. Rufen Sie mich an und lassen Sie es uns besprechen!<\/p>\n","protected":false},"author":1,"featured_media":0,"parent":0,"menu_order":0,"comment_status":"closed","ping_status":"closed","template":"","meta":{"footnotes":""},"class_list":["post-322","page","type-page","status-publish","hentry"],"yoast_head":"<!-- This site is optimized with the Yoast SEO plugin v23.1 - https:\/\/yoast.com\/wordpress\/plugins\/seo\/ -->\n<title>Webdesign - Wunschkarte<\/title>\n<meta name=\"robots\" content=\"index, follow, max-snippet:-1, max-image-preview:large, max-video-preview:-1\" \/>\n<link rel=\"canonical\" href=\"https:\/\/wunschkarte.ch\/ansicht\/webdesign\/\" \/>\n<meta property=\"og:locale\" content=\"de_DE\" \/>\n<meta property=\"og:type\" content=\"article\" \/>\n<meta property=\"og:title\" content=\"Webdesign - Wunschkarte\" \/>\n<meta property=\"og:description\" content=\"Gef\u00e4llt Ihnen diese Seite? Diese Webseite habe ich mit WordPress mit dem Twenty Seventeen Thema erstellt. Aller dreht sich um ein paar Seiten und einem Blog. Gerne helfe ich Ihnen auch so eine zu erstellen. Sp\u00e4ter k\u00f6nnen Sie die Inhalte leicht selber einf\u00fcgen. Rufen Sie mich an und lassen Sie es uns besprechen!\" \/>\n<meta property=\"og:url\" content=\"https:\/\/wunschkarte.ch\/ansicht\/webdesign\/\" \/>\n<meta property=\"og:site_name\" content=\"Wunschkarte\" \/>\n<meta property=\"article:modified_time\" content=\"2019-06-10T10:48:04+00:00\" \/>\n<meta name=\"twitter:card\" content=\"summary_large_image\" \/>\n<script type=\"application\/ld+json\" class=\"yoast-schema-graph\">{\"@context\":\"https:\/\/schema.org\",\"@graph\":[{\"@type\":\"WebPage\",\"@id\":\"https:\/\/wunschkarte.ch\/ansicht\/webdesign\/\",\"url\":\"https:\/\/wunschkarte.ch\/ansicht\/webdesign\/\",\"name\":\"Webdesign - Wunschkarte\",\"isPartOf\":{\"@id\":\"https:\/\/wunschkarte.ch\/ansicht\/#website\"},\"datePublished\":\"2017-05-17T08:38:04+00:00\",\"dateModified\":\"2019-06-10T10:48:04+00:00\",\"breadcrumb\":{\"@id\":\"https:\/\/wunschkarte.ch\/ansicht\/webdesign\/#breadcrumb\"},\"inLanguage\":\"de-CH\",\"potentialAction\":[{\"@type\":\"ReadAction\",\"target\":[\"https:\/\/wunschkarte.ch\/ansicht\/webdesign\/\"]}]},{\"@type\":\"BreadcrumbList\",\"@id\":\"https:\/\/wunschkarte.ch\/ansicht\/webdesign\/#breadcrumb\",\"itemListElement\":[{\"@type\":\"ListItem\",\"position\":1,\"name\":\"Home\",\"item\":\"https:\/\/wunschkarte.ch\/ansicht\/\"},{\"@type\":\"ListItem\",\"position\":2,\"name\":\"Webdesign\"}]},{\"@type\":\"WebSite\",\"@id\":\"https:\/\/wunschkarte.ch\/ansicht\/#website\",\"url\":\"https:\/\/wunschkarte.ch\/ansicht\/\",\"name\":\"Wunschkarte\",\"description\":\"w\u00fcnsch dir was und glaub daran!\",\"publisher\":{\"@id\":\"https:\/\/wunschkarte.ch\/ansicht\/#\/schema\/person\/97561b0a64c3c7f7028bed8c2f703530\"},\"potentialAction\":[{\"@type\":\"SearchAction\",\"target\":{\"@type\":\"EntryPoint\",\"urlTemplate\":\"https:\/\/wunschkarte.ch\/ansicht\/?s={search_term_string}\"},\"query-input\":\"required name=search_term_string\"}],\"inLanguage\":\"de-CH\"},{\"@type\":[\"Person\",\"Organization\"],\"@id\":\"https:\/\/wunschkarte.ch\/ansicht\/#\/schema\/person\/97561b0a64c3c7f7028bed8c2f703530\",\"name\":\"Ursula Gosteli\",\"image\":{\"@type\":\"ImageObject\",\"inLanguage\":\"de-CH\",\"@id\":\"https:\/\/wunschkarte.ch\/ansicht\/#\/schema\/person\/image\/\",\"url\":\"https:\/\/secure.gravatar.com\/avatar\/?s=96&d=mm&r=g\",\"contentUrl\":\"https:\/\/secure.gravatar.com\/avatar\/?s=96&d=mm&r=g\",\"caption\":\"Ursula Gosteli\"},\"logo\":{\"@id\":\"https:\/\/wunschkarte.ch\/ansicht\/#\/schema\/person\/image\/\"}}]}<\/script>\n<!-- \/ Yoast SEO plugin. -->","yoast_head_json":{"title":"Webdesign - Wunschkarte","robots":{"index":"index","follow":"follow","max-snippet":"max-snippet:-1","max-image-preview":"max-image-preview:large","max-video-preview":"max-video-preview:-1"},"canonical":"https:\/\/wunschkarte.ch\/ansicht\/webdesign\/","og_locale":"de_DE","og_type":"article","og_title":"Webdesign - Wunschkarte","og_description":"Gef\u00e4llt Ihnen diese Seite? Diese Webseite habe ich mit WordPress mit dem Twenty Seventeen Thema erstellt. Aller dreht sich um ein paar Seiten und einem Blog. Gerne helfe ich Ihnen auch so eine zu erstellen. Sp\u00e4ter k\u00f6nnen Sie die Inhalte leicht selber einf\u00fcgen. Rufen Sie mich an und lassen Sie es uns besprechen!","og_url":"https:\/\/wunschkarte.ch\/ansicht\/webdesign\/","og_site_name":"Wunschkarte","article_modified_time":"2019-06-10T10:48:04+00:00","twitter_card":"summary_large_image","schema":{"@context":"https:\/\/schema.org","@graph":[{"@type":"WebPage","@id":"https:\/\/wunschkarte.ch\/ansicht\/webdesign\/","url":"https:\/\/wunschkarte.ch\/ansicht\/webdesign\/","name":"Webdesign - Wunschkarte","isPartOf":{"@id":"https:\/\/wunschkarte.ch\/ansicht\/#website"},"datePublished":"2017-05-17T08:38:04+00:00","dateModified":"2019-06-10T10:48:04+00:00","breadcrumb":{"@id":"https:\/\/wunschkarte.ch\/ansicht\/webdesign\/#breadcrumb"},"inLanguage":"de-CH","potentialAction":[{"@type":"ReadAction","target":["https:\/\/wunschkarte.ch\/ansicht\/webdesign\/"]}]},{"@type":"BreadcrumbList","@id":"https:\/\/wunschkarte.ch\/ansicht\/webdesign\/#breadcrumb","itemListElement":[{"@type":"ListItem","position":1,"name":"Home","item":"https:\/\/wunschkarte.ch\/ansicht\/"},{"@type":"ListItem","position":2,"name":"Webdesign"}]},{"@type":"WebSite","@id":"https:\/\/wunschkarte.ch\/ansicht\/#website","url":"https:\/\/wunschkarte.ch\/ansicht\/","name":"Wunschkarte","description":"w\u00fcnsch dir was und glaub daran!","publisher":{"@id":"https:\/\/wunschkarte.ch\/ansicht\/#\/schema\/person\/97561b0a64c3c7f7028bed8c2f703530"},"potentialAction":[{"@type":"SearchAction","target":{"@type":"EntryPoint","urlTemplate":"https:\/\/wunschkarte.ch\/ansicht\/?s={search_term_string}"},"query-input":"required name=search_term_string"}],"inLanguage":"de-CH"},{"@type":["Person","Organization"],"@id":"https:\/\/wunschkarte.ch\/ansicht\/#\/schema\/person\/97561b0a64c3c7f7028bed8c2f703530","name":"Ursula Gosteli","image":{"@type":"ImageObject","inLanguage":"de-CH","@id":"https:\/\/wunschkarte.ch\/ansicht\/#\/schema\/person\/image\/","url":"https:\/\/secure.gravatar.com\/avatar\/?s=96&d=mm&r=g","contentUrl":"https:\/\/secure.gravatar.com\/avatar\/?s=96&d=mm&r=g","caption":"Ursula Gosteli"},"logo":{"@id":"https:\/\/wunschkarte.ch\/ansicht\/#\/schema\/person\/image\/"}}]}},"_links":{"self":[{"href":"https:\/\/wunschkarte.ch\/ansicht\/wp-json\/wp\/v2\/pages\/322"}],"collection":[{"href":"https:\/\/wunschkarte.ch\/ansicht\/wp-json\/wp\/v2\/pages"}],"about":[{"href":"https:\/\/wunschkarte.ch\/ansicht\/wp-json\/wp\/v2\/types\/page"}],"author":[{"embeddable":true,"href":"https:\/\/wunschkarte.ch\/ansicht\/wp-json\/wp\/v2\/users\/1"}],"replies":[{"embeddable":true,"href":"https:\/\/wunschkarte.ch\/ansicht\/wp-json\/wp\/v2\/comments?post=322"}],"version-history":[{"count":4,"href":"https:\/\/wunschkarte.ch\/ansicht\/wp-json\/wp\/v2\/pages\/322\/revisions"}],"predecessor-version":[{"id":434,"href":"https:\/\/wunschkarte.ch\/ansicht\/wp-json\/wp\/v2\/pages\/322\/revisions\/434"}],"wp:attachment":[{"href":"https:\/\/wunschkarte.ch\/ansicht\/wp-json\/wp\/v2\/media?parent=322"}],"curies":[{"name":"wp","href":"https:\/\/api.w.org\/{rel}","templated":true}]}}